{"id":1195,"date":"2023-05-09T04:21:23","date_gmt":"2023-05-09T04:21:23","guid":{"rendered":"https:\/\/themexriver.com\/wp\/invite-wp\/?page_id=1195"},"modified":"2026-02-18T11:45:50","modified_gmt":"2026-02-18T11:45:50","slug":"hakkimizda","status":"publish","type":"page","link":"https:\/\/www.resiliencein.com\/?page_id=1195","title":{"rendered":"Hakk\u0131m\u0131zda"},"content":{"rendered":"\t\t<div data-elementor-type=\"wp-page\" data-elementor-id=\"1195\" class=\"elementor elementor-1195\">\n\t\t\t\t\t\t<section class=\"elementor-section elementor-top-section elementor-element elementor-element-ce7734b elementor-section-boxed elementor-section-height-default elementor-section-height-default\" data-id=\"ce7734b\" data-element_type=\"section\" data-e-type=\"section\" data-settings=\"{&quot;background_background&quot;:&quot;classic&quot;}\">\n\t\t\t\t\t\t\t<div class=\"elementor-background-overlay\"><\/div>\n\t\t\t\t\t\t\t<div class=\"elementor-container elementor-column-gap-default\">\n\t\t\t\t\t<div class=\"elementor-column elementor-col-100 elementor-top-column elementor-element elementor-element-56fecce\" data-id=\"56fecce\" data-element_type=\"column\" data-e-type=\"column\">\n\t\t\t<div class=\"elementor-widget-wrap elementor-element-populated\">\n\t\t\t\t\t\t<div class=\"elementor-element elementor-element-b5d2b67 elementor-widget elementor-widget-int-breadcrumb\" data-id=\"b5d2b67\" data-element_type=\"widget\" data-e-type=\"widget\" data-widget_type=\"int-breadcrumb.default\">\n\t\t\t\t<div class=\"elementor-widget-container\">\n\t\t\t\t\t\t<div class=\"breadcrumb\">\n        <div class=\"breadcrumb__content text-center\">\n            <h2>Hakk\u0131m\u0131zda<\/h2>\n            <ul class=\"bread-crumb clearfix ul_li_center\">\n                <li class=\"breadcrumb-item\"><a href=\"https:\/\/www.resiliencein.com\/\">Home &nbsp;<\/a><\/li><li class=\"breadcrumb-item\"><a href=\"https:\/\/www.resiliencein.com\/?page_id=1195\"><\/a><\/li>            <\/ul>\n        <\/div>\n    <\/div>\n    \t\t\t\t<\/div>\n\t\t\t\t<\/div>\n\t\t\t\t\t<\/div>\n\t\t<\/div>\n\t\t\t\t\t<\/div>\n\t\t<\/section>\n\t\t\t\t<section class=\"elementor-section elementor-top-section elementor-element elementor-element-45f6ebd elementor-section-boxed elementor-section-height-default elementor-section-height-default\" data-id=\"45f6ebd\" data-element_type=\"section\" data-e-type=\"section\">\n\t\t\t\t\t\t<div class=\"elementor-container elementor-column-gap-default\">\n\t\t\t\t\t<div class=\"elementor-column elementor-col-100 elementor-top-column elementor-element elementor-element-5470eed\" data-id=\"5470eed\" data-element_type=\"column\" data-e-type=\"column\">\n\t\t\t<div class=\"elementor-widget-wrap elementor-element-populated\">\n\t\t\t\t\t\t<section class=\"elementor-section elementor-inner-section elementor-element elementor-element-3922806 elementor-section-boxed elementor-section-height-default elementor-section-height-default\" data-id=\"3922806\" data-element_type=\"section\" data-e-type=\"section\">\n\t\t\t\t\t\t<div class=\"elementor-container elementor-column-gap-default\">\n\t\t\t\t\t<div class=\"elementor-column elementor-col-100 elementor-inner-column elementor-element elementor-element-877cace\" data-id=\"877cace\" data-element_type=\"column\" data-e-type=\"column\">\n\t\t\t<div class=\"elementor-widget-wrap elementor-element-populated\">\n\t\t\t\t\t\t<div class=\"elementor-element elementor-element-ee7e381 elementor-widget elementor-widget-int-section-title\" data-id=\"ee7e381\" data-element_type=\"widget\" data-e-type=\"widget\" data-widget_type=\"int-section-title.default\">\n\t\t\t\t<div class=\"elementor-widget-container\">\n\t\t\t\t\t\t\t\t\t\t<div class=\"section-heading text-left\">\n\t\t\t\t\t\t\t\t\t<div class=\"heading-subtitle wow fadeInRight\">\n\t\t\t\t\t\t\t\t\t\t\t\tGelecekte Var Olmak!\t\t\t\t\t<\/div>\n\t\t\t\t\t\t\t\t<h3 class=\"heading-title tx-split-text split-in-right mb-20\">\n\t\t\t\t\tResilience-in\t\t\t\t<\/h3>\n\t\t\t\t\t\t\t\t\t<p>Bug\u00fcn\u00fcn ve gelece\u011fin i\u015f d\u00fcnyas\u0131nda dayan\u0131kl\u0131l\u0131k (resilience); krizlerin ve derin etkili de\u011fi\u015fimlerin yaratt\u0131\u011f\u0131 ko\u015fullarda sadece ayakta kalmak de\u011fil, bu de\u011fi\u015fimleri f\u0131rsata d\u00f6n\u00fc\u015ft\u00fcrebilme ve g\u00fc\u00e7lenerek yoluna devam edebilme yetkinli\u011fidir.\nResilience-in olarak biz; organizasyonlar\u0131n sadece bug\u00fcn\u00fc y\u00f6netmelerine de\u011fil, de\u011fi\u015fen d\u00fcnya d\u00fczeninde sistematik bir geli\u015fim g\u00f6stererek geleceklerini in\u015fa etmelerine ve \"gelecekte de var olmalar\u0131na\" destek oluyoruz.\n<br>\n<br>\nNeyi Farkl\u0131 Yap\u0131yoruz?<br>\n<br>\nBelirsizli\u011fin ve h\u0131zl\u0131 de\u011fi\u015fimin yeni normal h\u00e2line geldi\u011fi bir \u00e7a\u011fda, sorunlar\u0131 yaln\u0131zca teknik m\u00fcdahalelerle \u00e7\u00f6zm\u00fcyoruz. \u0130nsan, s\u00fcre\u00e7, teknoloji ve \u00e7evre dinamiklerini bir b\u00fct\u00fcn olarak ele alan b\u00fct\u00fcnsel bir y\u00f6netim ve y\u00f6neti\u015fim modeli sunuyoruz.\n<br>\n<br>\n\u2022\tEtkin Hedef ve Performans Y\u00f6netimi: Yerel ve k\u00fcresel g\u00f6stergeleri yak\u0131ndan takip eden; veri ve bilgiye dayal\u0131 hedef ve performans y\u00f6netim sistemleri kuruyor, bu sistemlerin i\u015fletilmesine destek veriyoruz.<br>\n<br>\n\u2022\tB\u00fct\u00fcnsel Risk Y\u00f6netimi: Organizasyonun varl\u0131\u011f\u0131na etki edebilecek geli\u015fmeleri bilin\u00e7li ve sistematik olarak izleyen s\u00fcre\u00e7ler tasarl\u0131yoruz. Tehdit ve tehlikelere kar\u015f\u0131 tedbir alman\u0131n \u00f6tesine ge\u00e7erek onlar\u0131 f\u0131rsata \u00e7evirecek bir yakla\u015f\u0131m uyguluyoruz.<br>\n<br>\n\u2022\tYal\u0131n ve Esnek \u0130\u015f Mimarisi Tasar\u0131m\u0131: Ola\u011fan ve ola\u011fand\u0131\u015f\u0131 durumlarda yal\u0131n ve s\u00fcrd\u00fcr\u00fclebilir bir \u015fekilde i\u015fleyebilen s\u00fcre\u00e7ler ve i\u015f sistemleri olu\u015fturuyoruz. <br><br>\nOrganizasyonun \u00fcretimini (mal veya hizmet) etkileyebilecek her t\u00fcrl\u00fc geli\u015fmeye kar\u015f\u0131 etkin m\u00fcdahale edebilen, s\u00fcreklilik ve s\u00fcrd\u00fcr\u00fclebilirlik odakl\u0131 esnek organizasyonel yap\u0131lar in\u015fa ediyoruz.<br>\n<br>\n\u2022\tD\u00f6n\u00fc\u015f\u00fcm Odakl\u0131 Kurum K\u00fclt\u00fcr\u00fc: Bug\u00fcn\u00fc ve yar\u0131n\u0131 e\u015f zamanl\u0131 y\u00f6netebilen; de\u011fi\u015fim, d\u00f6n\u00fc\u015f\u00fcm ve geli\u015fim odakl\u0131 bir bak\u0131\u015f a\u00e7\u0131s\u0131yla kendini ve i\u015fini y\u00f6nlendirebilen bireylerden olu\u015fan bir kurum k\u00fclt\u00fcr\u00fc in\u015fa etmek i\u00e7in destek sa\u011fl\u0131yoruz.<br>\n<br>\nYakla\u015f\u0131m\u0131m\u0131z: \u0130htiya\u00e7 \u2192 \u00c7\u00f6z\u00fcm \u2192 Hizmet\n<br>\n<br>\nKarma\u015f\u0131kl\u0131\u011f\u0131 sadele\u015ftiriyor, organizasyonlar\u0131n zihnindeki \u00fc\u00e7 temel soruya net yan\u0131tlar veriyoruz:<br>\n1.\t\u201cGer\u00e7ek sorun ve ihtiya\u00e7 ne?\u201d sorusunun cevab\u0131n\u0131 \u00e7ok boyutlu analizlerle belirliyoruz.<br>\n2.\t\u201cNe yap\u0131lmal\u0131?\u201d sorusuna en uygun \u00e7\u00f6z\u00fcmlerimizi sunuyoruz.<br>\n3.\t\u201cNas\u0131l uygulanmal\u0131?\u201d sorusuna hizmetlerimizle de\u011fer kat\u0131yoruz.\n<\/p>\n\t\t\t\t\t\t\t<\/div>\n\t\t\t\t\t\t\t<\/div>\n\t\t\t\t<\/div>\n\t\t\t\t<div class=\"elementor-element elementor-element-7a53528 elementor-widget elementor-widget-int-tab\" data-id=\"7a53528\" data-element_type=\"widget\" data-e-type=\"widget\" data-widget_type=\"int-tab.default\">\n\t\t\t\t<div class=\"elementor-widget-container\">\n\t\t\t\t\t\t<ul class=\"about__tab nav nav-tabs\" id=\"myTab\" role=\"tablist\">\n                <li class=\"nav-item\" role=\"presentation\">\n            <button class=\"nav-link active\" id=\"home-tab\" data-bs-toggle=\"tab\" data-bs-target=\"#homeeea5341\" type=\"button\" role=\"tab\" aria-controls=\"home\" aria-selected=\"true\"><span>Resilience\/Dayan\u0131kl\u0131l\u0131k <\/span><\/button>\n        <\/li>\n            <\/ul>\n    <div class=\"tab-content\" id=\"myTabContent\">\n            <div class=\"tab-pane animated fadeInUp show active\" id=\"homeeea5341\" role=\"tabpanel\" aria-labelledby=\"home-tab\">\n            <div class=\"about__tab-content\">\n                Resilience (Dayan\u0131kl\u0131l\u0131k), bir sistemin (birey, kurum, topluluk veya ekosistem) varl\u0131\u011f\u0131n\u0131 s\u00fcrd\u00fcrme amac\u0131yla, kar\u015f\u0131la\u015ft\u0131\u011f\u0131 ani \u015foklar ve tedrici de\u011fi\u015fimler kar\u015f\u0131s\u0131nda g\u00f6sterdi\u011fi \u00e7ok boyutlu bir yetkinlikler b\u00fct\u00fcn\u00fcd\u00fcr. Bu yetkinlik; Temel de\u011fer \u00fcretme kapasitesini ve var olu\u015f amac\u0131n\u0131 koruyarak, gelecekteki olas\u0131 krizleri ve f\u0131rsatlar\u0131 \u00f6ng\u00f6rme, de\u011fi\u015fen ko\u015fullara stratejik ve sistematik bi\u00e7imde uyum sa\u011flama, ya\u015fanan her deneyimden bilgi \u00fcreterek \u00f6\u011frenme ve geli\u015fme, gerekti\u011finde k\u00f6kl\u00fc bir d\u00f6n\u00fc\u015f\u00fcm ge\u00e7irme cesaretini g\u00f6sterme s\u00fcre\u00e7lerini kapsayan, dinamik ve b\u00fct\u00fcnc\u00fcl bir yakla\u015f\u0131md\u0131r.            <\/div>\n        <\/div>\n            <\/div>\n    \t\t\t\t<\/div>\n\t\t\t\t<\/div>\n\t\t\t\t\t<\/div>\n\t\t<\/div>\n\t\t\t\t\t<\/div>\n\t\t<\/section>\n\t\t\t\t\t<\/div>\n\t\t<\/div>\n\t\t\t\t\t<\/div>\n\t\t<\/section>\n\t\t<div class=\"elementor-element elementor-element-3fe85e7 e-flex e-con-boxed e-con e-parent\" data-id=\"3fe85e7\" data-element_type=\"container\" data-e-type=\"container\">\n\t\t\t\t\t<div class=\"e-con-inner\">\n\t\t\t\t<div class=\"elementor-element elementor-element-959bcc2 elementor-widget elementor-widget-spacer\" data-id=\"959bcc2\" data-element_type=\"widget\" data-e-type=\"widget\" data-widget_type=\"spacer.default\">\n\t\t\t\t\t\t\t<div class=\"elementor-spacer\">\n\t\t\t<div class=\"elementor-spacer-inner\"><\/div>\n\t\t<\/div>\n\t\t\t\t\t\t<\/div>\n\t\t\t\t\t<\/div>\n\t\t\t\t<\/div>\n\t\t\t\t<\/div>\n\t\t","protected":false},"excerpt":{"rendered":"<p>Hakk\u0131m\u0131zda Home &nbsp; Gelecekte Var Olmak! Resilience-in Bug\u00fcn\u00fcn ve gelece\u011fin i\u015f d\u00fcnyas\u0131nda dayan\u0131kl\u0131l\u0131k (resilience); krizlerin ve derin etkili de\u011fi\u015fimlerin yaratt\u0131\u011f\u0131 ko\u015fullarda sadece ayakta kalmak de\u011fil, bu de\u011fi\u015fimleri f\u0131rsata d\u00f6n\u00fc\u015ft\u00fcrebilme ve g\u00fc\u00e7lenerek yoluna devam edebilme yetkinli\u011fidir. Resilience-in olarak biz; organizasyonlar\u0131n sadece bug\u00fcn\u00fc y\u00f6netmelerine de\u011fil, de\u011fi\u015fen d\u00fcnya d\u00fczeninde sistematik bir geli\u015fim g\u00f6stererek geleceklerini in\u015fa etmelerine ve &#8220;gelecekte [&hellip;]<\/p>\n","protected":false},"author":1,"featured_media":0,"parent":0,"menu_order":0,"comment_status":"closed","ping_status":"closed","template":"invite-template.php","meta":{"footnotes":""},"class_list":["post-1195","page","type-page","status-publish","hentry"],"_links":{"self":[{"href":"https:\/\/www.resiliencein.com\/index.php?rest_route=\/wp\/v2\/pages\/1195","targetHints":{"allow":["GET"]}}],"collection":[{"href":"https:\/\/www.resiliencein.com\/index.php?rest_route=\/wp\/v2\/pages"}],"about":[{"href":"https:\/\/www.resiliencein.com\/index.php?rest_route=\/wp\/v2\/types\/page"}],"author":[{"embeddable":true,"href":"https:\/\/www.resiliencein.com\/index.php?rest_route=\/wp\/v2\/users\/1"}],"replies":[{"embeddable":true,"href":"https:\/\/www.resiliencein.com\/index.php?rest_route=%2Fwp%2Fv2%2Fcomments&post=1195"}],"version-history":[{"count":46,"href":"https:\/\/www.resiliencein.com\/index.php?rest_route=\/wp\/v2\/pages\/1195\/revisions"}],"predecessor-version":[{"id":5982,"href":"https:\/\/www.resiliencein.com\/index.php?rest_route=\/wp\/v2\/pages\/1195\/revisions\/5982"}],"wp:attachment":[{"href":"https:\/\/www.resiliencein.com\/index.php?rest_route=%2Fwp%2Fv2%2Fmedia&parent=1195"}],"curies":[{"name":"wp","href":"https:\/\/api.w.org\/{rel}","templated":true}]}}